 is divided by 18?
15
What is the remainder when 457 is divided by 17?
15
Calculate the remainder when 345 is divided by 45.
30
Calculate the remainder when 585 is divided by 49.
46
Calculate the remainder when 459 is divided by 45.
9
What is the remainder when 170 is divided by 19?
18
What is the remainder when 363 is divided by 86?
19
What is the remainder when 74 is divided by 36?
2
Calculate the remainder when 10709 is divided by 210.
209
What is the remainder when 140 is divided by 72?
68
What is the remainder when 4352 is divided by 115?
97
What is the remainder when 57805 is divided by 16?
13
Calculate the remainder when 868 is divided by 216.
4
What is the remainder when 523 is divided by 22?
17
What is the remainder when 481 is divided by 6?
1
Calculate the remainder when 515 is divided by 29.
22
Calculate the remainder when 37987 is divided by 67.
65
What is the remainder when 346 is divided by 81?
22
Calculate the remainder when 963 is divided by 74.
1
Calculate the remainder when 453 is divided by 127.
72
Calculate the remainder when 114 is divided by 33.
15
Calculate the remainder when 252 is divided by 20.
12
What is the remainder when 30 is divided by 18?
12
Calculate the remainder when 1260 is divided by 135.
45
What is the remainder when 87 is divided by 11?
10
What is the remainder when 12 is divided by 9?
3
What is the remainder when 73 is divided by 15?
13
Calculate the remainder when 11 is divided by 1.
0
Calculate the remainder when 123 is divided by 23.
8
What is the remainder when 202 is divided by 54?
40
Calculate the remainder when 159 is divided by 36.
15
What is the remainder when 166 is divided by 35?
26
What is the remainder when 131 is divided by 12?
11
What is the remainder when 166 is divided by 45?
31
What is the remainder when 82 is divided by 14?
12
Calculate the remainder when 213 is divided by 24.
21
What is the remainder when 155 is divided by 45?
20
Calculate the remainder when 1164 is divided by 22.
20
What is the remainder when 31838 is divided by 160?
158
What is the remainder when 13646 is divided by 25?
21
What is the remainder when 383 is divided by 10?
3
What is the remainder when 476 is divided by 120?
116
What is the remainder when 1751 is divided by 579?
14
What is the remainder when 100 is divided by 28?
16
What is the remainder when 15839 is divided by 20?
19
What is the remainder when 1575 is divided by 39?
15
What is the remainder when 1543 is divided by 89?
30
Calculate the remainder when 367 is divided by 42.
31
What is the remainder when 122 is divided by 53?
16
What is the remainder when 279 is divided by 22?
15
Calculate the remainder when 571 is divided by 22.
21
Calculate the remainder when 498 is divided by 34.
22
Calculate the remainder when 416 is divided by 81.
11
Calculate the remainder when 59 is divided by 38.
21
What is the remainder when 127 is divided by 47?
33
What is the remainder when 131 is divided by 37?
20
What is the remainder when 4135 is divided by 103?
15
Calculate the remainder when 8016 is divided by 33.
30
What is the remainder when 99 is divided by 26?
21
Calculate the remainder when 1174 is divided by 47.
46
What is the remainder when 1642 is divided by 122?
56
What is the remainder when 10172 is divided by 185?
182
Calculate the remainder when 44 is divided by 20.
4
What is the remainder when 116 is divided by 6?
2
Calculate the remainder when 112 is divided by 29.
25
What is the remainder when 88 is divided by 45?
43
Calculate the remainder when 1283 is divided by 257.
255
Calculate the remainder when 62 is divided by 33.
29
Calculate the remainder when 176 is divided by 21.
8
Calculate the remainder when 350 is divided by 44.
42
What is the remainder when 2156 is divided by 80?
76
Calculate the remainder when 8121 is divided by 290.
1
What is the remainder when 20309 is divided by 10?
9
Calculate the remainder when 181 is divided by 8.
5
What is the remainder when 437 is divided by 120?
77
What is the remainder when 286 is divided by 36?
34
What is the remainder when 89 is divided by 45?
44
Calculate the remainder when 1396 is divided by 696.
4
What is the remainder when 219 is divided by 45?
39
Calculate the remainder when 17 is divided by 8.
1
What is the remainder when 6665 is divided by 113?
111
What is the remainder when 5978 is divided by 115?
113
What is the remainder when 5792 is divided by 61?
58
What is the remainder when 511 is divided by 27?
25
What is the remainder when 1154 is divided by 23?
4
Calculate the remainder when 247 is divided by 26.
13
What is the remainder when 262 is divided by 125?
12
Calculate the remainder when 4532 is divided by 19.
10
Calculate the remainder when 120 is divided by 22.
10
Calculate the remainder when 1188 is divided by 590.
8
What is the remainder when 182 is divided by 52?
26
What is the remainder when 170 is divided by 19?
18
What is the remainder when 355 is divided by 33?
25
Calculate the remainder when 2580 is divided by 89.
88
Calculate the remainder when 231 is divided by 49.
35
What is the remainder when 105 is divided by 92?
13
Calculate the remainder when 158 is divided by 32.
30
What is the remainder when 44 is divided by 36?
8
What is the remainder when 82 is divided by 8?
2
What is the remainder when 4986 is divided by 311?
10
Calculate the remainder when 98 is divided by 34.
30
What is the remainder when 337 is divided by 124?
89
Calculate the remainder when 246 is divided by 42.
36
Calculate the remainder when 584 is divided by 70.
24
What is the remainder when 5002 is divided by 1249?
6
What is the remainder when 114 is divided by 61?
53
What is the remainder when 4222 is divided by 18?
10
What is the remainder when 749 is divided by 8?
5
Calculate the remainder when 6359 is divided by 15.
14
Calculate the remainder when 1821 is divided by 592.
45
What is the remainder when 370 is divided by 94?
88
What is the remainder when 936 is divided by 232?
8
What is the remainder when 128 is divided by 52?
24
What is the remainder when 516 is divided by 35?
26
What is the remainder when 1412 is divided by 14?
12
Calculate the remainder when 377 is divided by 98.
83
Calculate the remainder when 212 is divided by 5.
2
What is the remainder when 2240 is divided by 1120?
0
What is the remainder when 2913 is divided by 265?
263
Calculate the remainder when 640 is divided by 165.
145
Calculate the remainder when 377 is divided by 131.
115
Calculate the remainder when 3064 is divided by 52.
48
What is the remainder when 335 is divided by 2?
1
Calculate the remainder when 259 is divided by 75.
34
What is the remainder when 284 is divided by 72?
68
What is the remainder when 341 is divided by 22?
11
What is the remainder when 587 is divided by 129?
71
What is the remainder when 1508 is divided by 325?
208
What is the remainder when 140 is divided by 11?
8
Calculate the remainder when 75 is divided by 65.
10
Calculate the remainder when 13 is divided by 4.
1
What is the remainder when 694 is divided by 177?
163
Calculate the remainder when 1973 is divided by 132.
125
What is the remainder when 465 is divided by 45?
15
Calculate the remainder when 616 is divided by 234.
148
Calculate the remainder when 3495 is divided by 167.
155
Calculate the remainder when 170 is divided by 87.
83
What is the remainder when 913 is divided by 332?
249
What is the remainder when 605 is divided by 118?
15
Calculate the remainder when 492 is divided by 18.
6
What is the remainder when 584 is divided by 61?
35
Calculate the remainder when 195 is divided by 48.
3
What is the remainder when 364 is divided by 43?
20
What is the remainder when 1323 is divided by 78?
75
Calculate the remainder when 1423 is divided by 28.
23
What is the remainder when 1474 is divided by 13?
5
Calculate the remainder when 114 is divided by 23.
22
Calculate the remainder when 837 is divided by 40.
37
Calculate the remainder when 20420 is divided by 138.
134
Calculate the remainder when 64 is divided by 16.
0
Calculate the remainder when 602 is divided by 36.
26
Calculate the remainder when 99 is divided by 23.
7
Calculate the remainder when 322 is divided by 12.
10
What is the remainder when 892 is divided by 56?
52
What is the remainder when 4144 is d